{"id":345,"date":"2017-08-28T16:45:53","date_gmt":"2017-08-28T14:45:53","guid":{"rendered":"http:\/\/www.institution.ndromo41.fr\/institut\/www\/?page_id=345"},"modified":"2017-08-29T18:50:49","modified_gmt":"2017-08-29T16:50:49","slug":"la-priere-de-la-rentree","status":"publish","type":"page","link":"https:\/\/www.institution.ndromo41.fr\/institut\/www\/vie-spirituelle\/le-coin-des-prieres\/la-priere-de-la-rentree\/","title":{"rendered":"La pri\u00e8re de la rentr\u00e9e"},"content":{"rendered":"<p>Merci, Seigneur,<\/p>\n<p>pour les semaines d&rsquo;\u00e9t\u00e9,<\/p>\n<p><img loading=\"lazy\" decoding=\"async\" class=\"wp-image-368 size-medium alignright\" src=\"https:\/\/www.institution.ndromo41.fr\/institut\/www\/wp-content\/uploads\/2017\/08\/priere-300x212.gif\" alt=\"\" width=\"300\" height=\"212\" \/><\/p>\n<p>pour le silence et l&rsquo;amiti\u00e9.<\/p>\n<p>pour les d\u00e9couvertes et les rencontres,<\/p>\n<p>pour la beaut\u00e9 contempl\u00e9e,<\/p>\n<p>&nbsp;<\/p>\n<p>Merci pour ce tr\u00e9sor:<\/p>\n<p>je le garde dans mon coeur.<\/p>\n<p>&nbsp;<\/p>\n<p>Maintenant, c&rsquo;est la rentr\u00e9e.<\/p>\n<p>L&rsquo;ann\u00e9e scolaire s&rsquo;ouvre \u00e0 moi.<\/p>\n<p>Avec des activit\u00e9s nouvelles, de grands changements.<\/p>\n<p>Me voici, Seigneur, mon ann\u00e9e, je veux la vivre avec Toi.<\/p>\n<p>J&rsquo;ai retrouv\u00e9 des camarades, je vais en accueillir de nouveaux.<\/p>\n<p>B\u00e9ni sois-tu, Seigneur, pour toutes les rencontres que je vais faire.<\/p>\n<p>Rends-moi attentif \u00e0 chacun.<\/p>\n<p>Et si je me sens un peu seul, aide-moi \u00e0 me tourner vers les autres.<\/p>\n<p>Donne-moi d&rsquo;ouvrir mon esprit et mon coeur.<\/p>\n<p>Donne-moi ton Esprit Saint pour que je vive dans ton amour.<\/p>\n<p>Amen!<\/p>\n","protected":false},"excerpt":{"rendered":"<div class=\"mh-excerpt\"><p>Merci, Seigneur, pour les semaines d&rsquo;\u00e9t\u00e9, pour le silence et l&rsquo;amiti\u00e9. pour les d\u00e9couvertes et les rencontres, pour la beaut\u00e9 contempl\u00e9e, &nbsp; Merci pour ce <a class=\"mh-excerpt-more\" href=\"https:\/\/www.institution.ndromo41.fr\/institut\/www\/vie-spirituelle\/le-coin-des-prieres\/la-priere-de-la-rentree\/\" title=\"La pri\u00e8re de la rentr\u00e9e\">[&#8230;]<\/a><\/p>\n<\/div>","protected":false},"author":1,"featured_media":0,"parent":343,"menu_order":0,"comment_status":"closed","ping_status":"closed","template":"template-full.php","meta":{"footnotes":""},"_links":{"self":[{"href":"https:\/\/www.institution.ndromo41.fr\/institut\/www\/wp-json\/wp\/v2\/pages\/345"}],"collection":[{"href":"https:\/\/www.institution.ndromo41.fr\/institut\/www\/wp-json\/wp\/v2\/pages"}],"about":[{"href":"https:\/\/www.institution.ndromo41.fr\/institut\/www\/wp-json\/wp\/v2\/types\/page"}],"author":[{"embeddable":true,"href":"https:\/\/www.institution.ndromo41.fr\/institut\/www\/wp-json\/wp\/v2\/users\/1"}],"replies":[{"embeddable":true,"href":"https:\/\/www.institution.ndromo41.fr\/institut\/www\/wp-json\/wp\/v2\/comments?post=345"}],"version-history":[{"count":5,"href":"https:\/\/www.institution.ndromo41.fr\/institut\/www\/wp-json\/wp\/v2\/pages\/345\/revisions"}],"predecessor-version":[{"id":369,"href":"https:\/\/www.institution.ndromo41.fr\/institut\/www\/wp-json\/wp\/v2\/pages\/345\/revisions\/369"}],"up":[{"embeddable":true,"href":"https:\/\/www.institution.ndromo41.fr\/institut\/www\/wp-json\/wp\/v2\/pages\/343"}],"wp:attachment":[{"href":"https:\/\/www.institution.ndromo41.fr\/institut\/www\/wp-json\/wp\/v2\/media?parent=345"}],"curies":[{"name":"wp","href":"https:\/\/api.w.org\/{rel}","templated":true}]}}

La prière de la rentrée

<p>Merci, Seigneur,</p>
<p>pour les semaines d&rsquo;été,</p>
<p><img loading="lazy" decoding="async" class="wp-image-368 size-medium alignright" src="https://www.institution.ndromo41.fr/institut/www/wp-content/uploads/2017/08/priere-300x212.gif" alt="" width="300" height="212" /></p>
<p>pour le silence et l&rsquo;amitié.</p>
<p>pour les découvertes et les rencontres,</p>
<p>pour la beauté contemplée,</p>
<p>&nbsp;</p>
<p>Merci pour ce trésor:</p>
<p>je le garde dans mon coeur.</p>
<p>&nbsp;</p>
<p>Maintenant, c&rsquo;est la rentrée.</p>
<p>L&rsquo;année scolaire s&rsquo;ouvre à moi.</p>
<p>Avec des activités nouvelles, de grands changements.</p>
<p>Me voici, Seigneur, mon année, je veux la vivre avec Toi.</p>
<p>J&rsquo;ai retrouvé des camarades, je vais en accueillir de nouveaux.</p>
<p>Béni sois-tu, Seigneur, pour toutes les rencontres que je vais faire.</p>
<p>Rends-moi attentif à chacun.</p>
<p>Et si je me sens un peu seul, aide-moi à me tourner vers les autres.</p>
<p>Donne-moi d&rsquo;ouvrir mon esprit et mon coeur.</p>
<p>Donne-moi ton Esprit Saint pour que je vive dans ton amour.</p>
<p>Amen!</p>

<div class="mh-excerpt"><p>Merci, Seigneur, pour les semaines d&rsquo;été, pour le silence et l&rsquo;amitié. pour les découvertes et les rencontres, pour la beauté contemplée, &nbsp; Merci pour ce <a class="mh-excerpt-more" href="https://www.institution.ndromo41.fr/institut/www/vie-spirituelle/le-coin-des-prieres/la-priere-de-la-rentree/" title="La prière de la rentrée">[&#8230;]</a></p>
</div>
