{"id":502,"date":"2017-09-07T14:45:16","date_gmt":"2017-09-07T12:45:16","guid":{"rendered":"http:\/\/www.institution.ndromo41.fr\/institut\/www\/?page_id=502"},"modified":"2017-09-07T14:55:07","modified_gmt":"2017-09-07T12:55:07","slug":"competitions-ugsel","status":"publish","type":"page","link":"https:\/\/www.institution.ndromo41.fr\/institut\/www\/college\/association-sportive\/competitions-ugsel\/","title":{"rendered":"Comp\u00e9titions UGSEL"},"content":{"rendered":"<p>&nbsp;<\/p>\n<p><img loading=\"lazy\" decoding=\"async\" class=\"size-medium wp-image-504 alignleft\" src=\"https:\/\/www.institution.ndromo41.fr\/institut\/www\/wp-content\/uploads\/2017\/09\/RSCN5023-300x225.jpg\" alt=\"\" width=\"300\" height=\"225\" srcset=\"https:\/\/www.institution.ndromo41.fr\/institut\/www\/wp-content\/uploads\/2017\/09\/RSCN5023-300x225.jpg 300w, https:\/\/www.institution.ndromo41.fr\/institut\/www\/wp-content\/uploads\/2017\/09\/RSCN5023-326x245.jpg 326w, https:\/\/www.institution.ndromo41.fr\/institut\/www\/wp-content\/uploads\/2017\/09\/RSCN5023-80x60.jpg 80w, https:\/\/www.institution.ndromo41.fr\/institut\/www\/wp-content\/uploads\/2017\/09\/RSCN5023.jpg 640w\" sizes=\"(max-width: 300px) 100vw, 300px\" \/><\/p>\n<p>&nbsp;<\/p>\n<p>&nbsp;<\/p>\n<p>Le coll\u00e8ge Notre Dame participe aux comp\u00e9titions sportives de l\u2019UGSEL \u00a0(Union G\u00e9n\u00e9ral sportive de l\u2019enseignement libre).<\/p>\n<p>Le calendrier\u00a0de l\u2019ann\u00e9e 2017\/ 2018 sera donn\u00e9 aux \u00e9l\u00e8ves\u00a0fin septembre et disponible sur le site\u00a0du coll\u00e8ge\u00a0.<\/p>\n<p>Une participation\u00a0 annuelle de 12 euros sera demand\u00e9e pour la licence (ch\u00e8que au nom de l\u2019association sportive Notre Dame).<\/p>\n<p>La licence est obligatoire pour participer aux comp\u00e9titions (m\u00eame une seule).<\/p>\n<p>Les \u00e9l\u00e8ves int\u00e9ress\u00e9s doivent demander\u00a0 une feuille \u00e0 Mme BAILLY Professeur EPS responsable de l\u2019AS\u00a0 ou \u00e0 Mme BOURROUILLOU- JAN.<\/p>\n<p><img loading=\"lazy\" decoding=\"async\" class=\"alignnone size-medium wp-image-506\" src=\"https:\/\/www.institution.ndromo41.fr\/institut\/www\/wp-content\/uploads\/2017\/09\/DSCN5116-300x225.jpg\" alt=\"\" width=\"300\" height=\"225\" srcset=\"https:\/\/www.institution.ndromo41.fr\/institut\/www\/wp-content\/uploads\/2017\/09\/DSCN5116-300x225.jpg 300w, https:\/\/www.institution.ndromo41.fr\/institut\/www\/wp-content\/uploads\/2017\/09\/DSCN5116-326x245.jpg 326w, https:\/\/www.institution.ndromo41.fr\/institut\/www\/wp-content\/uploads\/2017\/09\/DSCN5116-80x60.jpg 80w, https:\/\/www.institution.ndromo41.fr\/institut\/www\/wp-content\/uploads\/2017\/09\/DSCN5116.jpg 640w\" sizes=\"(max-width: 300px) 100vw, 300px\" \/>\u00a0<img loading=\"lazy\" decoding=\"async\" class=\"alignnone size-medium wp-image-507\" src=\"https:\/\/www.institution.ndromo41.fr\/institut\/www\/wp-content\/uploads\/2017\/09\/athl\u00e9-r\u00e9gional-2017-300x178.jpg\" alt=\"\" width=\"300\" height=\"178\" srcset=\"https:\/\/www.institution.ndromo41.fr\/institut\/www\/wp-content\/uploads\/2017\/09\/athl\u00e9-r\u00e9gional-2017-300x178.jpg 300w, https:\/\/www.institution.ndromo41.fr\/institut\/www\/wp-content\/uploads\/2017\/09\/athl\u00e9-r\u00e9gional-2017.jpg 640w\" sizes=\"(max-width: 300px) 100vw, 300px\" \/><\/p>\n","protected":false},"excerpt":{"rendered":"<div class=\"mh-excerpt\"><p>&nbsp; &nbsp; &nbsp; Le coll\u00e8ge Notre Dame participe aux comp\u00e9titions sportives de l\u2019UGSEL \u00a0(Union G\u00e9n\u00e9ral sportive de l\u2019enseignement libre). Le calendrier\u00a0de l\u2019ann\u00e9e 2017\/ 2018 sera <a class=\"mh-excerpt-more\" href=\"https:\/\/www.institution.ndromo41.fr\/institut\/www\/college\/association-sportive\/competitions-ugsel\/\" title=\"Comp\u00e9titions UGSEL\">[&#8230;]<\/a><\/p>\n<\/div>","protected":false},"author":1,"featured_media":0,"parent":62,"menu_order":0,"comment_status":"closed","ping_status":"closed","template":"template-full.php","meta":{"footnotes":""},"_links":{"self":[{"href":"https:\/\/www.institution.ndromo41.fr\/institut\/www\/wp-json\/wp\/v2\/pages\/502"}],"collection":[{"href":"https:\/\/www.institution.ndromo41.fr\/institut\/www\/wp-json\/wp\/v2\/pages"}],"about":[{"href":"https:\/\/www.institution.ndromo41.fr\/institut\/www\/wp-json\/wp\/v2\/types\/page"}],"author":[{"embeddable":true,"href":"https:\/\/www.institution.ndromo41.fr\/institut\/www\/wp-json\/wp\/v2\/users\/1"}],"replies":[{"embeddable":true,"href":"https:\/\/www.institution.ndromo41.fr\/institut\/www\/wp-json\/wp\/v2\/comments?post=502"}],"version-history":[{"count":4,"href":"https:\/\/www.institution.ndromo41.fr\/institut\/www\/wp-json\/wp\/v2\/pages\/502\/revisions"}],"predecessor-version":[{"id":513,"href":"https:\/\/www.institution.ndromo41.fr\/institut\/www\/wp-json\/wp\/v2\/pages\/502\/revisions\/513"}],"up":[{"embeddable":true,"href":"https:\/\/www.institution.ndromo41.fr\/institut\/www\/wp-json\/wp\/v2\/pages\/62"}],"wp:attachment":[{"href":"https:\/\/www.institution.ndromo41.fr\/institut\/www\/wp-json\/wp\/v2\/media?parent=502"}],"curies":[{"name":"wp","href":"https:\/\/api.w.org\/{rel}","templated":true}]}}