{"id":60,"date":"2016-10-20T16:51:03","date_gmt":"2016-10-20T14:51:03","guid":{"rendered":"http:\/\/www.institution.ndromo41.fr\/institut\/www\/?page_id=60"},"modified":"2025-07-07T11:20:42","modified_gmt":"2025-07-07T09:20:42","slug":"union-chretienne-de-saint-chaumond","status":"publish","type":"page","link":"https:\/\/www.institution.ndromo41.fr\/institut\/www\/presentation-de-letablissement-2\/union-chretienne-de-saint-chaumond\/","title":{"rendered":"Union Chr\u00e9tienne de Saint Chaumond"},"content":{"rendered":"<p><a href=\"http:\/\/www.unionchretienne.org\/\" target=\"_blank\" rel=\"noopener\">Le lien vers le site de l&rsquo;Union Chr\u00e9tienne<\/a><\/p>\n<p>Fond\u00e9 en 1652 par Monsieur Vincent et la v\u00e9n\u00e9rable Madame de Pollalion, cet institut fut, d\u00e8s l\u2019origine destin\u00e9 \u00e0 l\u2019\u00e9ducation des enfants et des jeunes filles. Son nom, choisi par Saint Vincent de Paul lui-m\u00eame, indique le lien \u00ab\u00a0indissoluble de la dilection fraternelle\u00a0\u00bb qui unit les religieuses entre elles. Madame de Pollalion y ajouta le patronage de Saint Chaumond, \u00e9v\u00eaque de Lyon qui avait fond\u00e9 au Moyen-\u00e2ge une \u0153uvre \u00e9ducative similaire.<\/p>\n<p>Aujourd\u2019hui\u00a0encore, fid\u00e8les \u00e0 l\u2019esprit de leur Fondateur, les s\u0153urs de l\u2019Union-Chr\u00e9tienne tiennent des \u00e9coles en France, en Espagne, au Portugal et aux \u00c9tats-Unis.<\/p>\n<p>C\u2019est en 1956, apr\u00e8s le d\u00e9part des s\u0153urs de Saint-Germain-en-Laye,\u00a0 que la Communaut\u00e9 de l\u2019Union-Chr\u00e9tienne rach\u00e8te l\u2019\u00e9tablissement\u00a0 de Romorantin o\u00f9 les s\u0153urs \u0153uvrent encore aujourd\u2019hui afin\u00a0 d\u2019offrir \u00e0 chaque jeune une formation intellectuelle, humaine et\u00a0 spirituelle v\u00e9cue dans la joie et le d\u00e9passement de soi.<\/p>\n\n<div class=\"wp-block-image\">\n<figure class=\"aligncenter size-full\"><img loading=\"lazy\" decoding=\"async\" width=\"150\" height=\"222\" src=\"https:\/\/www.institution.ndromo41.fr\/institut\/www\/wp-content\/uploads\/2025\/07\/saint_vincent150-993da.jpg\" alt=\"\" class=\"wp-image-7695\"\/><\/figure><\/div>","protected":false},"excerpt":{"rendered":"<div class=\"mh-excerpt\"><p>Le lien vers le site de l&rsquo;Union Chr\u00e9tienne Fond\u00e9 en 1652 par Monsieur Vincent et la v\u00e9n\u00e9rable Madame de Pollalion, cet institut fut, d\u00e8s l\u2019origine <a class=\"mh-excerpt-more\" href=\"https:\/\/www.institution.ndromo41.fr\/institut\/www\/presentation-de-letablissement-2\/union-chretienne-de-saint-chaumond\/\" title=\"Union Chr\u00e9tienne de Saint Chaumond\">[&#8230;]<\/a><\/p>\n<\/div>","protected":false},"author":1,"featured_media":0,"parent":186,"menu_order":0,"comment_status":"closed","ping_status":"closed","template":"template-full.php","meta":{"footnotes":""},"_links":{"self":[{"href":"https:\/\/www.institution.ndromo41.fr\/institut\/www\/wp-json\/wp\/v2\/pages\/60"}],"collection":[{"href":"https:\/\/www.institution.ndromo41.fr\/institut\/www\/wp-json\/wp\/v2\/pages"}],"about":[{"href":"https:\/\/www.institution.ndromo41.fr\/institut\/www\/wp-json\/wp\/v2\/types\/page"}],"author":[{"embeddable":true,"href":"https:\/\/www.institution.ndromo41.fr\/institut\/www\/wp-json\/wp\/v2\/users\/1"}],"replies":[{"embeddable":true,"href":"https:\/\/www.institution.ndromo41.fr\/institut\/www\/wp-json\/wp\/v2\/comments?post=60"}],"version-history":[{"count":4,"href":"https:\/\/www.institution.ndromo41.fr\/institut\/www\/wp-json\/wp\/v2\/pages\/60\/revisions"}],"predecessor-version":[{"id":7696,"href":"https:\/\/www.institution.ndromo41.fr\/institut\/www\/wp-json\/wp\/v2\/pages\/60\/revisions\/7696"}],"up":[{"embeddable":true,"href":"https:\/\/www.institution.ndromo41.fr\/institut\/www\/wp-json\/wp\/v2\/pages\/186"}],"wp:attachment":[{"href":"https:\/\/www.institution.ndromo41.fr\/institut\/www\/wp-json\/wp\/v2\/media?parent=60"}],"curies":[{"name":"wp","href":"https:\/\/api.w.org\/{rel}","templated":true}]}}