{"id":638,"date":"2017-09-24T18:51:49","date_gmt":"2017-09-24T16:51:49","guid":{"rendered":"http:\/\/www.institution.ndromo41.fr\/institut\/www\/?page_id=638"},"modified":"2024-03-11T15:54:48","modified_gmt":"2024-03-11T14:54:48","slug":"tarifs-inscription-bourses","status":"publish","type":"page","link":"https:\/\/www.institution.ndromo41.fr\/institut\/www\/college\/tarifs-inscription-bourses\/","title":{"rendered":"Tarifs, bourses"},"content":{"rendered":"\n<p>Le co\u00fbt de la scolarit\u00e9 ne doit pas \u00eatre un obstacle \u00e0 la scolarisation des enfants et que nous examinons toutes les situations pour voir comment aider les familles les plus modestes.<\/p>\n\n\n\n<figure class=\"wp-block-image size-large\"><img loading=\"lazy\" decoding=\"async\" width=\"724\" height=\"1024\" src=\"https:\/\/www.institution.ndromo41.fr\/institut\/www\/wp-content\/uploads\/2024\/03\/Tarifs-2024-2025-COLLEGE-page-001-724x1024.jpg\" alt=\"\" class=\"wp-image-7568\" srcset=\"https:\/\/www.institution.ndromo41.fr\/institut\/www\/wp-content\/uploads\/2024\/03\/Tarifs-2024-2025-COLLEGE-page-001-724x1024.jpg 724w, https:\/\/www.institution.ndromo41.fr\/institut\/www\/wp-content\/uploads\/2024\/03\/Tarifs-2024-2025-COLLEGE-page-001-212x300.jpg 212w, https:\/\/www.institution.ndromo41.fr\/institut\/www\/wp-content\/uploads\/2024\/03\/Tarifs-2024-2025-COLLEGE-page-001-768x1086.jpg 768w, https:\/\/www.institution.ndromo41.fr\/institut\/www\/wp-content\/uploads\/2024\/03\/Tarifs-2024-2025-COLLEGE-page-001-1086x1536.jpg 1086w, https:\/\/www.institution.ndromo41.fr\/institut\/www\/wp-content\/uploads\/2024\/03\/Tarifs-2024-2025-COLLEGE-page-001.jpg 1240w\" sizes=\"(max-width: 724px) 100vw, 724px\" \/><\/figure>\n","protected":false},"excerpt":{"rendered":"<div class=\"mh-excerpt\"><p>Le co\u00fbt de la scolarit\u00e9 ne doit pas \u00eatre un obstacle \u00e0 la scolarisation des enfants et que nous examinons toutes les situations pour voir <a class=\"mh-excerpt-more\" href=\"https:\/\/www.institution.ndromo41.fr\/institut\/www\/college\/tarifs-inscription-bourses\/\" title=\"Tarifs, bourses\">[&#8230;]<\/a><\/p>\n<\/div>","protected":false},"author":1,"featured_media":0,"parent":15,"menu_order":5,"comment_status":"closed","ping_status":"closed","template":"template-full.php","meta":{"footnotes":""},"_links":{"self":[{"href":"https:\/\/www.institution.ndromo41.fr\/institut\/www\/wp-json\/wp\/v2\/pages\/638"}],"collection":[{"href":"https:\/\/www.institution.ndromo41.fr\/institut\/www\/wp-json\/wp\/v2\/pages"}],"about":[{"href":"https:\/\/www.institution.ndromo41.fr\/institut\/www\/wp-json\/wp\/v2\/types\/page"}],"author":[{"embeddable":true,"href":"https:\/\/www.institution.ndromo41.fr\/institut\/www\/wp-json\/wp\/v2\/users\/1"}],"replies":[{"embeddable":true,"href":"https:\/\/www.institution.ndromo41.fr\/institut\/www\/wp-json\/wp\/v2\/comments?post=638"}],"version-history":[{"count":3,"href":"https:\/\/www.institution.ndromo41.fr\/institut\/www\/wp-json\/wp\/v2\/pages\/638\/revisions"}],"predecessor-version":[{"id":7569,"href":"https:\/\/www.institution.ndromo41.fr\/institut\/www\/wp-json\/wp\/v2\/pages\/638\/revisions\/7569"}],"up":[{"embeddable":true,"href":"https:\/\/www.institution.ndromo41.fr\/institut\/www\/wp-json\/wp\/v2\/pages\/15"}],"wp:attachment":[{"href":"https:\/\/www.institution.ndromo41.fr\/institut\/www\/wp-json\/wp\/v2\/media?parent=638"}],"curies":[{"name":"wp","href":"https:\/\/api.w.org\/{rel}","templated":true}]}}